{"id":2917,"date":"2020-12-08T11:06:14","date_gmt":"2020-12-08T14:06:14","guid":{"rendered":"http:\/\/atacado.escribapapelaria.com.br\/index.php\/produto\/import-placeholder-for-1234\/"},"modified":"2021-11-01T16:31:26","modified_gmt":"2021-11-01T19:31:26","slug":"lapis-preto-ecolapis-preto-24-gratis","status":"publish","type":"product","link":"https:\/\/atacado.escribapapelaria.com.br\/index.php\/produto\/lapis-preto-ecolapis-preto-24-gratis\/","title":{"rendered":"L\u00e1pis preto &#8211; Ecol\u00e1pis Preto + 24 gratis &#8211; Faber Castell"},"content":{"rendered":"<p>L\u00e1pis preto &#8211; Ecol\u00e1pis Preto + 24 gratis &#8211; Faber Castell<\/p>\n<p><strong>CAIXA COM 144 UNIDADES<\/strong><\/p>\n","protected":false},"excerpt":{"rendered":"<p>L\u00e1pis preto &#8211; Ecol\u00e1pis Preto + 24 gratis &#8211; Faber Castell CAIXA COM 144 UNIDADES<\/p>\n","protected":false},"featured_media":4923,"comment_status":"open","ping_status":"closed","template":"","meta":{"spay_email":""},"jetpack_sharing_enabled":true,"_links":{"self":[{"href":"https:\/\/atacado.escribapapelaria.com.br\/index.php\/wp-json\/wp\/v2\/product\/2917"}],"collection":[{"href":"https:\/\/atacado.escribapapelaria.com.br\/index.php\/wp-json\/wp\/v2\/product"}],"about":[{"href":"https:\/\/atacado.escribapapelaria.com.br\/index.php\/wp-json\/wp\/v2\/types\/product"}],"replies":[{"embeddable":true,"href":"https:\/\/atacado.escribapapelaria.com.br\/index.php\/wp-json\/wp\/v2\/comments?post=2917"}],"wp:featuredmedia":[{"embeddable":true,"href":"https:\/\/atacado.escribapapelaria.com.br\/index.php\/wp-json\/wp\/v2\/media\/4923"}],"wp:attachment":[{"href":"https:\/\/atacado.escribapapelaria.com.br\/index.php\/wp-json\/wp\/v2\/media?parent=2917"}],"curies":[{"name":"wp","href":"https:\/\/api.w.org\/{rel}","templated":true}]}}