{"id":2867,"date":"2020-12-08T11:05:59","date_gmt":"2020-12-08T14:05:59","guid":{"rendered":"http:\/\/atacado.escribapapelaria.com.br\/index.php\/produto\/import-placeholder-for-1151\/"},"modified":"2021-11-01T09:21:43","modified_gmt":"2021-11-01T12:21:43","slug":"impressos-cartao-de-ponto-mensal-palha","status":"publish","type":"product","link":"https:\/\/atacado.escribapapelaria.com.br\/index.php\/produto\/impressos-cartao-de-ponto-mensal-palha\/","title":{"rendered":"Cart\u00e3o de Ponto (Mensal) &#8211; Palha &#8211; S\u00e3o Domingos"},"content":{"rendered":"<p>Cart\u00e3o de Ponto (Mensal) &#8211; Palha &#8211; S\u00e3o Domingos<\/p>\n<p><strong>PACOTE COM 100 UNIDADES<\/strong><\/p>\n","protected":false},"excerpt":{"rendered":"<p>Cart\u00e3o de Ponto (Mensal) &#8211; Palha &#8211; S\u00e3o Domingos PACOTE COM 100 UNIDADES<\/p>\n","protected":false},"featured_media":4895,"comment_status":"open","ping_status":"closed","template":"","meta":{"spay_email":""},"jetpack_sharing_enabled":true,"_links":{"self":[{"href":"https:\/\/atacado.escribapapelaria.com.br\/index.php\/wp-json\/wp\/v2\/product\/2867"}],"collection":[{"href":"https:\/\/atacado.escribapapelaria.com.br\/index.php\/wp-json\/wp\/v2\/product"}],"about":[{"href":"https:\/\/atacado.escribapapelaria.com.br\/index.php\/wp-json\/wp\/v2\/types\/product"}],"replies":[{"embeddable":true,"href":"https:\/\/atacado.escribapapelaria.com.br\/index.php\/wp-json\/wp\/v2\/comments?post=2867"}],"wp:featuredmedia":[{"embeddable":true,"href":"https:\/\/atacado.escribapapelaria.com.br\/index.php\/wp-json\/wp\/v2\/media\/4895"}],"wp:attachment":[{"href":"https:\/\/atacado.escribapapelaria.com.br\/index.php\/wp-json\/wp\/v2\/media?parent=2867"}],"curies":[{"name":"wp","href":"https:\/\/api.w.org\/{rel}","templated":true}]}}