{"id":2665,"date":"2020-12-08T11:04:55","date_gmt":"2020-12-08T14:04:55","guid":{"rendered":"http:\/\/atacado.escribapapelaria.com.br\/index.php\/produto\/import-placeholder-for-781\/"},"modified":"2021-10-26T09:16:36","modified_gmt":"2021-10-26T12:16:36","slug":"espirais-para-encadernacao-23mm-preto","status":"publish","type":"product","link":"https:\/\/atacado.escribapapelaria.com.br\/index.php\/produto\/espirais-para-encadernacao-23mm-preto\/","title":{"rendered":"Espirais para encaderna\u00e7\u00e3o &#8211; 23mm Preto &#8211; Lassane"},"content":{"rendered":"<p>Espirais para encaderna\u00e7\u00e3o &#8211; 23mm Preto &#8211; Lassane<\/p>\n<p><strong>PACOTE COM 60 UNIDADES<\/strong><\/p>\n","protected":false},"excerpt":{"rendered":"<p>Espirais para encaderna\u00e7\u00e3o &#8211; 23mm Preto &#8211; Lassane PACOTE COM 60 UNIDADES<\/p>\n","protected":false},"featured_media":3531,"comment_status":"open","ping_status":"closed","template":"","meta":{"spay_email":""},"jetpack_sharing_enabled":true,"_links":{"self":[{"href":"https:\/\/atacado.escribapapelaria.com.br\/index.php\/wp-json\/wp\/v2\/product\/2665"}],"collection":[{"href":"https:\/\/atacado.escribapapelaria.com.br\/index.php\/wp-json\/wp\/v2\/product"}],"about":[{"href":"https:\/\/atacado.escribapapelaria.com.br\/index.php\/wp-json\/wp\/v2\/types\/product"}],"replies":[{"embeddable":true,"href":"https:\/\/atacado.escribapapelaria.com.br\/index.php\/wp-json\/wp\/v2\/comments?post=2665"}],"wp:featuredmedia":[{"embeddable":true,"href":"https:\/\/atacado.escribapapelaria.com.br\/index.php\/wp-json\/wp\/v2\/media\/3531"}],"wp:attachment":[{"href":"https:\/\/atacado.escribapapelaria.com.br\/index.php\/wp-json\/wp\/v2\/media?parent=2665"}],"curies":[{"name":"wp","href":"https:\/\/api.w.org\/{rel}","templated":true}]}}